
1101010 (base 2) to base 8
152
Convert 110431 (base 5) to base 13.
19b5
-113314 (base 5) to base 2
-1000001110001
What is 24328 (base 11) in base 8?
104267
What is -c7 (base 15) in base 8?
-273
Convert -20204 (base 5) to base 8.
-2430
What is -875 (base 16) in base 9?
-2865
Convert 1313 (base 5) to base 8.
320
-4555 (base 8) to base 10
-2413
What is 3035 (base 7) in base 12?
73b
What is -12232 (base 8) in base 11?
-3a65
Convert 174501 (base 8) to base 14.
1937b
What is -335266 (base 7) in base 15?
-1295a
What is b66a (base 15) in base 2?
1001011010101111
Convert -10001101 (base 2) to base 8.
-215
2f66 (base 16) to base 3
121122102
-d5dc (base 15) to base 6
-545143
-be (base 15) to base 3
-20122
1778 (base 10) to base 12
1042
124431 (base 5) to base 15
172b
55415 (base 6) to base 13
3686
-10655 (base 12) to base 13
-9b27
101001101001000 (base 2) to base 11
15022
Convert 2036 (base 11) to base 4.
222031
-1147 (base 14) to base 9
-4106
What is 3820 (base 16) in base 9?
21634
What is b (base 13) in base 6?
15
-1123 (base 4) to base 9
-111
Convert -401244 (base 6) to base 9.
-47081
Convert -131432 (base 6) to base 12.
-6b78
Convert -90b1 (base 12) to base 8.
-36505
Convert -22f4 (base 16) to base 2.
-10001011110100
What is 14235 (base 8) in base 14?
2421
5568 (base 12) to base 8
22340
What is -22133 (base 4) in base 14?
-35d
342 (base 9) to base 7
551
-809 (base 11) to base 12
-695
Convert -2210 (base 6) to base 12.
-366
3826 (base 10) to base 5
110301
Convert -a15 (base 11) to base 5.
-14401
-597 (base 11) to base 10
-711
What is -1122320 (base 4) in base 14?
-2196
Convert -10652 (base 8) to base 2.
-1000110101010
What is -831a (base 15) in base 4?
-12300310
25144 (base 6) to base 5
104421
What is -317 (base 16) in base 10?
-791
Convert 10704 (base 10) to base 14.
3c88
What is -63553 (base 7) in base 2?
-11110101100110
Convert -6017 (base 11) to base 7.
-32223
Convert 133201 (base 4) to base 14.
a41
700 (base 13) to base 9
1554
-2460 (base 8) to base 4
-110300
27 (base 10) to base 14
1d
8415 (base 10) to base 3
102112200
Convert 14a1 (base 16) to base 8.
12241
111111011100 (base 2) to base 6
30444
2812 (base 12) to base 15
1582
3022332 (base 4) to base 5
403430
What is 41691 (base 11) in base 8?
166461
What is -5715 (base 9) in base 16?
-1082
Convert -3988 (base 10) to base 9.
-5421
153b (base 12) to base 13
119c
What is -5045 (base 8) in base 3?
-10120012
Convert -2100 (base 9) to base 2.
-11000000011
Convert -115502 (base 6) to base 8.
-24136
-6710 (base 9) to base 15
-1700
Convert -258 (base 14) to base 13.
-2a2
What is -640 (base 11) in base 3?
-1001112
Convert 15415 (base 8) to base 13.
31c9
What is 14356 (base 9) in base 2?
10011000101011
What is -1111110110 (base 2) in base 16?
-3f6
2046 (base 8) to base 9
1410
Convert 24515 (base 9) to base 4.
10001021
What is -1100 (base 9) in base 16?
-32a
Convert -1501 (base 6) to base 10.
-397
What is 3430 (base 9) in base 4?
213222
223 (base 13) to base 11
304
-8681 (base 10) to base 8
-20751
-1129 (base 12) to base 4
-131301
-1200332 (base 4) to base 6
-44422
Convert 362 (base 11) to base 10.
431
What is 3acb (base 16) in base 6?
153403
Convert 11435 (base 7) to base 11.
2257
What is 2334 (base 8) in base 13?
749
-1123033 (base 4) to base 14
-21b1
What is 1164 (base 9) in base 12?
604
92 (base 15) to base 13
a7
Convert 1489 (base 10) to base 14.
785
22ca (base 13) to base 4
1030202
-28588 (base 9) to base 11
-13672
Convert -7c1 (base 15) to base 3.
-2102001
-431232 (base 5) to base 8
-34347
What is 44 (base 14) in base 6?
140
What is 1550 (base 8) in base 14?
464
What is c7de (base 15) in base 12?
20578
Convert 1256 (base 9) to base 16.
3ae
What is 67314 (base 9) in base 6?
543021
Convert -1a8 (base 14) to base 4.
-11120
Convert -14101 (base 7) to base 6.
-25411
-1b6b0 (base 13) to base 14
-158cd
Convert 20212200 (base 3) to base 15.
1743
1222001000 (base 3) to base 15
b6c9
What is 19b6 (base 13) in base 9?
5266
What is 64a (base 13) in base 14?
56c
What is 1627 (base 12) in base 5?
40443
Convert 711 (base 16) to base 3.
2111000
Convert -1a868 (base 13) to base 10.
-51969
Convert 1011101101110001 (base 2) to base 5.
3013420
1c4 (base 13) to base 12
235
What is -272 (base 13) in base 11?
-362
-55674 (base 10) to base 9
-84330
Convert 18b (base 16) to base 13.
245
What is -1110121000 (base 3) in base 13?
-101a3
Convert 569 (base 11) to base 15.
305
What is 957 (base 11) in base 15?
51b
261 (base 8) to base 12
129
Convert -745 (base 15) to base 6.
-11332
What is 10001001101101 (base 2) in base 8?
21155
Convert 22301 (base 4) to base 14.
373
-523 (base 15) to base 2
-10010000110
Convert -247 (base 12) to base 9.
-421
Convert 615 (base 16) to base 4.
120111
Convert 355 (base 8) to base 15.
10c
Convert 4966 (base 16) to base 8.
44546
112 (base 11) to base 13
a4
What is -223 (base 11) in base 8?
-413
What is 312 (base 12) in base 2?
110111110
1020033 (base 4) to base 7
16323
Convert -11100101110 (base 2) to base 13.
-ab5
-1d6 (base 16) to base 11
-398
-380 (base 11) to base 7
-1213
Convert 5673 (base 8) to base 5.
44003
What is -3277 (base 11) in base 2?
-1000011011111
What is -703 (base 12) in base 3?
-1101110
11011100000111 (base 2) to base 10
14087
306 (base 13) to base 8
1001
246 (base 9) to base 8
314
What is -3011331 (base 4) in base 16?
-317d
Convert 30023 (base 5) to base 11.
1467
What is -220 (base 15) in base 14?
-264
What is 12347 (base 13) in base 16?
82f1
What is 2512 (base 11) in base 16?
cd0
Convert 101111110010 (base 2) to base 4.
233302
What is 3c5 (base 16) in base 7?
2546
12c4b (base 13) to base 6
430130
-1d (base 16) to base 11
-27
Convert 15354 (base 6) to base 7.
10225
Convert -5033 (base 6) to base 14.
-589
Convert 1017 (base 8) to base 9.
645
Convert -454 (base 7) to base 4.
-3223
What is 12532 (base 10) in base 15?
3aa7
1535 (base 7) to base 12
432
-315 (base 12) to base 9
-548
What is 32313100 (base 4) in base 12?
2b294
What is -11a4b (base 12) in base 7?
-126602
Convert 101111100 (base 2) to base 8.
574
Convert -100c1 (base 13) to base 15.
-8798
Convert b7d6 (base 16) to base 2.
1011011111010110
475 (base 13) to base 15
367
Convert -16206 (base 7) to base 11.
-3479
-45a09 (base 11) to base 8
-201606
12020012 (base 3) to base 4
323210
-451121 (base 6) to base 10
-37849
What is -1273 (base 8) in base 10?
-699
Convert -243 (base 5) to base 8.
-111
-91 (base 10) to base 9
-111
Convert -1311120 (base 4) to base 10.
-7512
-36b (base 13) to base 15
-29b
Convert -351 (base 16) to base 8.
-1521
-798 (base 14) to base 2
-10111100010
10000101011111 (base 2) to base 15
27e8
What is 117 (base 12) in base 15?
ad
What is 11011100111 (base 2) in base 7?
5103
What is -12288 (base 9) in base 7?
-33041
a5a (base 12) to base 16
5e6
Convert 200002 (base 3) to base 11.
404
What is -250400 (base 6) in base 15?
-6886
-101021022 (base 3) to base 11
-5697
What is 334415 (base 6) in base 3?
1102201202
What is -122303 (base 4) in base 6?
-11535
3359 (base 11) to base 16
1144
Convert -50224 (base 6) to base 14.
-2572
What is 2094 (base 11) in base 12?
1725
What is -2262 (base 13) in base 11?
-3685
Convert 1496a (base 15) to base 6.
1230414
Convert 424334 (base 5) to base 2.
11100000001000
Convert -10101011010 (base 2) to base 5.
-20440
What is 5358 (base 11) in base 8?
15651
Convert -598 (base 14) to base 12.
-78a
-1010000 (base 2) to base 14
-5a
Convert 4a25 (base 14) to base 11.
9820
What is 15547 (base 8) in base 10?
7015
What is -124 (base 8) in base 6?
-220
Convert -1002 (base 13) to base 15.
-9b9
What is 43203 (base 6) in base 9?
8083
Convert 31220201 (base 4) to base 13.
1c556
1834 (base 14) to base 7
15464
-100001000010 (base 2) to base 9
-2808
Convert 627 (base 14) to base 6.
5335
402 (base 8) to base 16
102
What is -110313 (base 8) in base 7?
-213032
Convert 100100001000010 (base 2) to base 16.
4842
Convert -4918 (base 10) to base 15.
-16cd
137 (base 10) to base 15
92
Convert -10121010 (base 3) to base 2.
-101000111110
265c (base 16) to base 2
10011001011100
338 (base 14) to base 7
1601
26b0 (base 12) to base 11
3388
What is 30020 (base 4) in base 11?
646
What is -2255 (base 7) in base 14?
-42c
-a11 (base 15) to base 10
-2266
6b1 (base 16) to base 15
793
1100000101111 (base 2) to base 7
24023
